is t(g)?
14
Let w(a) = a**3 - 4*a**2 + a + 3. Suppose 0 = -5*m + 3*m + 22. Suppose -2*t + 2*u - 2 + 8 = 0, -5*u = -4*t + m. Determine w(t).
7
Let f(g) = g**2 + 8*g + 9. Let h be f(-6). Suppose 5*t - 15 = -a, 0*a - 25 = -5*a. Let p(z) = -3*z**2 + 3 - 2 + z**3 + 2 + 3*z - t*z**3. Calculate p(h).
-6
Let z = -34 - -32. Let g(n) = -6. Let a(y) = y + 1. Let b(i) = z*g(i) - 4*a(i). Determine b(7).
-20
Let d(x) = -9*x**3 + 2*x**2 + 2*x + 1. Let h be (-60)/(-9)*(-9)/(-3). Suppose 4*w = -c - 4 - 0, 5*c = 2*w - h. Let j = -1 - w. Give d(j).
10
Let g(o) = 2*o - 212*o**2 - 5*o**3 - 2 + 209*o**2 + 4*o**3. Determine g(-4).
6
Let b(y) = 4*y - 1. Let s = -12 + 13. Let h(u) = u. Let x(a) = s*b(a) + h(a). What is x(3)?
14
Let f(k) = 10*k + 1. Let u(q) = 2*q**3 - 3*q**2 - 2. Let j be u(2). Let p(c) = 3*c**3 + 2*c + 1. Let m be p(j). Let a = -30 + m. Give f(a).
-9
Let f(v) be the second derivative of 11*v**3/6 - 67*v - 2. What is f(1)?
11
Let r(y) = y**3 - 3*y**2 - 2. Let j(g) = 2*g**3 - 17*g**2 - 4*g. Let q(x) = -j(x) + 3*r(x). Give q(-7).
15
Let v be -5*(2/1)/(-2). Let x(f) = 17 + 1 - f - 15. Determine x(v).
-2
Let z(r) = -r - 1. Let d be z(-4). Let n(u) = -4*u + 6*u - u**3 + 0*u**3 - d*u**2. Let o(s) = -s**3 - 5*s**2 + s + 1. Let q be o(-5). What is n(q)?
8
Let o(a) = 2 - 35*a**2 + 0*a - a**3 + 10*a - 37*a**2 + 82*a**2. Give o(11).
-9
Let c(a) = -9*a**3 - 5*a**2 + 5*a + 5. Let n(o) = 10*o**3 + 6*o**2 - 6*o - 6. Let u(w) = -5*c(w) - 4*n(w). Let k = -18 + 17. Determine u(k).
-4
Let k(r) = r**3 + 2*r**2 - 4*r + 6. Suppose -9 = -59*i + 109. Give k(i).
14
Suppose 0 = 4*d - 8*d + 8. Let c(y) = -5 + 4*y + y**d + 12 - 5. Give c(-4).
2
Let o be 0 + 1 - (-5 - -4). Let v(j) = -16*j**2 + 7*j**o + 1 + 5*j**2 + 2*j. Let s = 1 - 2. Calculate v(s).
-5
Let h(s) = s**3 + 2*s**2 + 2. Let g be h(-2). Let j = g - 4. Let q(d) = -3 + 0 - 8 + 9 - 5*d. Calculate q(j).
8
Let m(c) = -c**3 - 7*c**2 + 8*c - 5. Suppose 0 = 3*u + 4*l - 18, u - 3 = -2*u + l. Suppose -3 = -u*f - 19. Give m(f).
-5
Suppose x - 2*x + 6 = -2*j, -2*x = -j - 12. Let y(p) = -p**2 + 452*p - 222*p - 9 - 223*p. Determine y(x).
-3
Let a(h) = -5*h - 4. Let q = 306 - 311. Calculate a(q).
21
Let k = 21 - 27. Let a be (k/4)/(12/16). Let j(l) = 3*l**2 + l - 1. What is j(a)?
9
Let o(w) = w**3 + 17*w**2 + 17*w + 16. Suppose 4*v - 96 = 10*v. Calculate o(v).
0
Let w = 324 + -325. Let a(v) be the third derivative of -2*v**5/15 - v**4/24 - 3*v**2. Give a(w).
-7
Let a(c) be the second derivative of c**6/24 + c**5/60 - c**4/24 + c**3/6 - 9*c**2/2 + 2*c. Let d(r) be the first derivative of a(r). Determine d(1).
6
Let q(k) = -7*k + 18*k + k**2 + 3 - 8*k. Suppose n + 1 = -2. Calculate q(n).
3
Let u(t) = -17*t**3 - 11*t**2 - 11*t + 42. Let n(d) = -3*d**3 - d**2 - d + 7. Let w(z) = -6*n(z) + u(z). Let l(g) = g**2 + g. Let b be l(-3). Calculate w(b).
6
Let i(t) be the third derivative of 14*t**2 + 0 - 1/24*t**4 + 0*t - 1/60*t**5 + t**3. What is i(0)?
6
Let o = 8 + -5. Suppose o*q + 17 = 38. Let x(n) = 6*n**2 + 2*n**2 - 13*n**3 - q*n**2. What is x(-1)?
14
Suppose -5*p = -5 - 15, 0 = 2*w - 5*p. Suppose 12*l = 7*l - w. Let h(y) = -4*y - 1. Calculate h(l).
7
Let l(g) = g**3 + 4*g**2 - 6*g + 4. Suppose 4*q + 2*a = 14, 0 = -3*q + 6*q + 3*a - 9. Let u be (5 - q - 4) + 11. Let h be 10/u*-2*2. Determine l(h).
9
Let g(m) = 4*m - 1. Let p(q) = 7*q - 3. Let b(r) = 5*g(r) - 3*p(r). Give b(-4).
8
Let v(m) = m**2 + 3*m - 7. Let d be v(-5). Let g(i) = 17*i - 4 - 39*i + 26*i + 2*i**2 - 3*i**2. Calculate g(d).
-1
Let t(j) = -j**2 - 15*j - 19. Let g = 6442 - 9322. Let m be (-4)/26 - g/(-208). Let s be t(m). Let o(f) = f**2 + 3*f. Determine o(s).
10
Let k be (2 + -12*6/9)/(-2). Let b(f) = -2*f**2 - 7*f**3 + 3 + 3*f + 7*f**k + 0 - f**3. Calculate b(-2).
-3
Suppose 3 + 5 = 3*i + 5*x, -2*i - x - 4 = 0. Let z(b) = -b**2 + 3*b + 1. Calculate z(i).
-27
Suppose 7*q - 2*s = 2*q - 27, 4*s + 16 = -4*q. Let g(h) = h**2 + 5*h - 4. Determine g(q).
-4
Let k(q) = -3*q - 2 + 10*q - 5*q - 7*q. Calculate k(-3).
13
Let n = 4 - -8. Suppose 0*v - n = -6*v. Let d(w) = 8*w. Calculate d(v).
16
Let h be 6*((-32)/(-12))/(-2). Let f(s) = s**3 + 9*s**2 + 10*s + 12. Determine f(h).
-4
Let n(y) = 52*y + 61. Let i(q) = 64*q + 61. Let h(x) = -4*i(x) + 5*n(x). Determine h(-14).
5
Let f(o) = 3*o - 3. Let g = -30 + 33. Let w be g - (-20)/(-8) - 5/(-2). Give f(w).
6
Suppose -9*c = -3*c - 12. Let r(h) = 0*h + 5 + h**2 - 2*h - 6 + h. Calculate r(c).
1
Let q(x) = -x**3 - 17*x**2 + 19*x + 13. Let m(c) = c**3 - 12*c**2 + 20*c - 18. Let z be m(10). Give q(z).
-5
Let r(i) = i - 6. Let h(z) = 6*z - 1. Suppose -3 + 4 = w. Let f be h(w). Give r(f).
-1
Let r(w) = 4*w - 3*w + 0*w - 1 - 2. Let l be (24/16)/((-3)/(-10)). Let a(z) = -z + 4. Let t(b) = l*r(b) + 4*a(b). Calculate t(-6).
-5
Let q(w) be the second derivative of 0 - 1/2*w**2 - 1/20*w**5 + 5/6*w**3 + 1/3*w**4 - 2*w. Calculate q(5).
-1
Let h be ((-6)/2)/(-2 + 1). Suppose -5*a = -4*l - 4, -h*a - 2*a - 2*l = -28. Let f(w) be the first derivative of w**3/3 - w**2 + 1. Give f(a).
8
Let p(n) = -n**2 - 4*n + 7. Suppose -159 + 19 = 5*k. Let i = -34 - k. Determine p(i).
-5
Let k(o) = o - 7. Let l be k(-3). Let f(z) = 11*z**2 + 10*z + 4. Let d(s) = 9*s**2 + 10*s + 4. Let x(h) = 5*d(h) - 4*f(h). Determine x(l).
4
Let n(w) = -3*w**2 - 26*w**3 + 2*w - 5*w + 1 + 2*w + 0*w + 27*w**3. Let t(q) = q**3 + 5*q**2 - 7*q - 2. Let a be t(-6). Determine n(a).
13
Let b(f) be the second derivative of 0 + 4*f**2 + 8*f - 2/3*f**3. Give b(6).
-16
Let f(r) = 23*r**3 - 10*r**2 - 4*r + 7. Let m(z) = -11*z**3 + 4*z**2 + 2*z - 3. Let u(o) = -2*f(o) - 5*m(o). Suppose -2*g = 2*g - 4. Give u(g).
8
Let c(n) = 4*n - 30. Let u(z) = 6*z - 47. Let j(s) = -8*c(s) + 5*u(s). What is j(-6)?
17
Let d(b) = -b + 1. Let x(z) = -3*z**2 + z - 1. Suppose 2 - 4 = -2*q. Let t be x(q). Let c be 0*(t + 15/6). Determine d(c).
1
Let s(c) = c**3 - 4*c**2 - 7*c + 1. Suppose 185 = -k + 190. Calculate s(k).
-9
Suppose -2*s = 3*v + 3*s + 8, 5*s - 34 = 4*v. Suppose j + 0 = 3. Let y(q) = j + 2 + 4 + 2*q. Determine y(v).
-3
Let r(a) = 15*a - 1. Let m = 22 + -12. Let q(l) = -16*l - 33. Let z(s) = 45*s + 97. Let b(f) = -17*q(f) - 6*z(f). Let p be b(m). What is r(p)?
-16
Let m(w) = -w**3 - 21*w**2 + w + 25. Let i be m(-21). Let y(s) = -3*s**2 - 6 - i*s + 6*s**2 + 10 - 4*s**2. Let q = -8 + 3. Calculate y(q).
-1
Let c(s) = -s - 3*s - 118 + 5*s**3 - s**2 + 122. Determine c(1).
4
Let a(c) = 5*c**2 + 8*c + 14. Let q(g) = -g**2 - 1. Let r(n) = -a(n) - 6*q(n). Let i be r(9). Let o(y) = -4*y**3 + 2*y - 1. Determine o(i).
-3
Let q = -1045 - -1051. Let a(l) = -2*l + 4. Calculate a(q).
-8
Let t(s) = 2*s - 1. Let q(r) = 2*r + 3. Let h(w) = q(w) - 2*t(w). Let p be 4/4 + 1/1. Let a(y) = 5*y - 5. Let g be a(p). Give h(g).
-5
Let a(s) = -3 + 20*s + 20*s - s - 43*s + 2. Calculate a(-8).
31
Let i(w) be the third derivative of -w**4/24 + 11*w**3/6 + 46*w**2 - w. Let d(s) = s - 12. Let p be d(17). Determine i(p).
6
Let i(q) = 11*q**3 + 25*q**2 + 18*q + 20. Let a(l) = 5*l**3 + 12*l**2 + 9*l + 10. Suppose 5*j + j = 24. Let n(p) = j*i(p) - 9*a(p). Give n(-7).
4
Let q(y) = 3*y + 28. Let s be q(0). Let d = -21 + s. Let w(z) = z**2 - 6*z + 5. Give w(d).
12
Let z = 180 + -178. Let d(a) = -8*a**2 - 2*a. Let k(b) = 7*b**2 + b. Let n(y) = 4*d(y) + 5*k(y). Give n(z).
6
Let k(t) = -t**2 + 13*t + 3. Let s be k(13). Let b(y) = -10*y + 0*y**3 - y**s + 3 + 1 - 7*y**2 + 18*y. Determine b(-8).
4
Suppose 2*w + 40 = -3*w. Let x(r) = -r**2 - 5*r + 18. Let d be x(w). Let v(i) = -i**2 - 6*i + 2. Determine v(d).
2
Let v(n) = -n**3 + 5*n**2 + 4*n + 5. Let w be v(6). Let t be 13/2 - w/(-14). Let j(a) be the second derivative of a**3/6 - 7*a**2 - a. What is j(t)?
-8
Let u(j) be the second derivative of j**3/2 - 8*j**2 - 16*j + 2. Give u(8).
8
Let o(q) = -q**3 - q**2 - q - 4. Let k be 10/(-405)*-9 + (-58)/18. Give o(k).
17
Let c(i) be the first derivative of -i**4/4 + 5*i**3/3 - 3*i**2/2 - 4*i + 449. What is c(4)?
0
Let s(z) = -z**2 - 7*z. Suppose -l + 4*l = 0. Let h(a) = a**2 - 5*a - 8. Let u be h(8). Suppose 0 = 2*f + 3*r - 2 + u, 2*f - 5*r + 14 = l. Calculate s(f).
0
Let z(u) = -u**2 + 7*u - 5. Let f be 1*(1/(-1) + 3). Let r = f - -1. Suppose -r*t + w + 22 = 0, 3*t - 2*w - w = 30. What is z(t)?
1
Let k be 0*(-1*2)/2. Let p(m) be the second derivative of 33